e 8?
-36277
Convert -261626 (base 10) to base 2.
-111111110111111010
Convert 4260188 (base 9) to base 13.
61c424
-9ba718 (base 13) to base 8
-16021406
2538631 (base 12) to base 11
4131426
What is 10211021211100 (base 3) in base 15?
2a25c0
What is 1441543 (base 8) in base 14?
a9831
What is -60adff (base 16) in base 4?
-120022313333
881464 (base 9) to base 6
15135051
Convert -88b0a3 (base 12) to base 11.
-1256687
What is -d1ae (base 15) in base 4?
-22303220
What is 279041 (base 12) in base 9?
1213154
What is -31431645 (base 7) in base 8?
-12121723
10001011100110110100 (base 2) to base 6
20131204
-691559 (base 11) to base 10
-1100075
Convert -37150 (base 12) to base 14.
-1d220
Convert 11012222002021 (base 3) to base 11.
12a2388
What is 1022212031 (base 4) in base 14?
7d4cd
130315102 (base 6) to base 5
1122421131
Convert 145c (base 15) to base 4.
1010022
What is -73e4bb (base 15) in base 5?
-2403001301
Convert -43004133 (base 5) to base 3.
-200021201022
Convert -77848a (base 12) to base 10.
-1901482
-47468 (base 9) to base 5
-2003413
20000111102 (base 3) to base 13
41bc4
What is 53510503 (base 7) in base 10?
4557346
Convert 25475 (base 14) to base 16.
1652f
Convert 194543 (base 11) to base 4.
1020330230
75233 (base 8) to base 3
1121001111
Convert -383a0f (base 16) to base 13.
-9c0303
Convert 422431421 (base 5) to base 11.
aa5862
What is -11100001011100011011110 (base 2) in base 3?
-111220022112212
Convert 110111101110110110111001 (base 2) to base 12.
4a86935
What is -25a453 (base 11) in base 6?
-12434131
46a25 (base 11) to base 15
15142
What is 434076 (base 8) in base 3?
21101112210
Convert 30144 (base 10) to base 3.
1112100110
17a1a3 (base 12) to base 16
6478b
What is -691535 (base 11) in base 3?
-2001212222120
Convert -1011010110010001000 (base 2) to base 5.
-43344343
Convert -102200220 (base 3) to base 7.
-33603
-f4d9 (base 16) to base 7
-350513
134005 (base 8) to base 10
47109
-49541 (base 12) to base 9
-161144
Convert -460315 (base 14) to base 11.
-1387a28
What is -100202121 (base 5) in base 9?
-664720
Convert 372b04 (base 13) to base 7.
14135403
What is -11831d (base 14) in base 8?
-2221427
131222220133 (base 4) to base 3
112122002202121
Convert 110011101100000010111 (base 2) to base 14.
32135d
-35464026 (base 8) to base 12
-272281a
Convert -1703712 (base 11) to base 5.
-1220410041
Convert -119424 (base 10) to base 13.
-42486
Convert 20202210220 (base 3) to base 7.
1063353
Convert 11212112300 (base 4) to base 14.
2a2cc8
Convert -1406a (base 14) to base 3.
-2111212211
199191 (base 12) to base 11
289048
What is -1721810 (base 10) in base 7?
-20430566
What is -661072 (base 10) in base 5?
-132123242
What is 101000101111000101011 (base 2) in base 3?
2111211001001
What is -101000000000000001 (base 2) in base 3?
-22022202012
Convert 11130232303 (base 4) to base 9.
2616354
-2225025 (base 7) to base 15
-56933
-540461 (base 8) to base 12
-88581
Convert 40444012 (base 7) to base 10.
3372385
What is 25115311 (base 6) in base 16?
c425b
What is 261360 (base 8) in base 10?
90864
1004232403 (base 5) to base 8
7561247
What is 99c472 (base 15) in base 5?
3334102012
Convert 1132131302 (base 5) to base 12.
a61095
Convert 20515001 (base 6) to base 12.
24ba61
What is 12100011330 (base 4) in base 13?
454bc0
What is -aba2 (base 16) in base 9?
-66240
What is b3775 (base 14) in base 11?
275865
What is -5028288 (base 9) in base 13?
-729290
-320241424 (base 5) to base 8
-5063432
What is 41324013 (base 5) in base 14?
8b8ca
Convert 771217 (base 14) to base 6.
222305021
357293 (base 11) to base 9
1052380
What is -1100100001011001000100 (base 2) in base 7?
-36620654
-220236 (base 9) to base 5
-13201130
-323311110 (base 4) to base 12
-b99b0
Convert 110050335 (base 6) to base 15.
28c878
What is -4b943 (base 13) in base 10?
-139987
Convert 234424 (base 9) to base 3.
21011110211
What is 1325605 (base 8) in base 15?
75179
-65093 (base 15) to base 5
-40231023
What is -197a247 (base 14) in base 3?
-212211112112020
Convert 301230100 (base 4) to base 12.
99954
What is 125565 (base 9) in base 13?
28949
What is 2010221333 (base 4) in base 16?
84a7f
-233300003003 (base 4) to base 10
-12517571
Convert 46d39a (base 14) to base 15.
32b778
Convert -28ca81 (base 14) to base 10.
-1417977
Convert -1314100310 (base 5) to base 3.
-20011001222210
Convert 11320 (base 13) to base 11.
21567
Convert -332135 (base 13) to base 8.
-4457711
32401045 (base 7) to base 4
22211020123
-1002003111003 (base 4) to base 10
-17315139
What is 59055 (base 10) in base 2?
1110011010101111
Convert 2033331 (base 4) to base 12.
53b9
Convert 181686 (base 9) to base 13.
3c483
What is 241111 (base 5) in base 9?
13185
-1322369 (base 12) to base 8
-16322601
What is 1580315 (base 10) in base 12?
64264b
Convert -112023021 (base 4) to base 10.
-90825
20140512 (base 6) to base 12
237738
What is 9d8f (base 16) in base 10?
40335
Convert 1462521 (base 7) to base 4.
300320211
-a75cc5 (base 15) to base 16
-79948d
Convert 34210141 (base 5) to base 3.
120102201201
What is -12365451 (base 7) in base 10?
-1125615
What is ab478b (base 13) in base 7?
46213140
What is 10330230132 (base 4) in base 12?
526826
203092 (base 11) to base 6
10554100
-6167814 (base 9) to base 13
-8b3a23
-3362752 (base 8) to base 14
-199d10
1a175aa (base 11) to base 4
30333232202
What is 313011010 (base 4) in base 9?
373421
What is -3102201231 (base 4) in base 3?
-1121210212200
Convert -153c30 (base 16) to base 6.
-45454520
-101001010110001010010 (base 2) to base 15
-1bb674
791162 (base 11) to base 2
100110011110001100110
-d5d1d (base 15) to base 5
-133143303
Convert -19004a7 (base 12) to base 5.
-2314214200
What is 4752046 (base 9) in base 10?
2573412
Convert 10766060 (base 8) to base 13.
645742
Convert -64930 (base 13) to base 16.
-2c5d2
1940819 (base 11) to base 16
320ebc
What is -bbc2b1 (base 13) in base 16?
-438618
What is -24351634 (base 7) in base 12?
-89202a
Convert -733727 (base 8) to base 11.
-15708a
Convert 13415481 (base 9) to base 7.
110206135
What is -b0829 (base 12) in base 9?
-378456
What is 841733 (base 9) in base 10?
499962
Convert 10100101001011011 (base 2) to base 11.
585a3
1dd3b0 (base 15) to base 2
101100100111111000111
What is -81569 (base 12) in base 3?
-22120000200
What is -100100310 (base 4) in base 6?
-1232220
Convert 133144423 (base 6) to base 14.
4d8395
What is -17355011 (base 8) in base 16?
-3dda09
Convert -14266741 (base 8) to base 15.
-43ec48
Convert -147a59 (base 13) to base 14.
-d129a
Convert -3452230 (base 7) to base 16.
-69b59
What is -20021101311 (base 4) in base 7?
-24101643
-99b001 (base 15) to base 12
-255429a
Convert f4cad (base 16) to base 6.
33253553
What is 4115411 (base 7) in base 11?
306491
Convert -494603 (base 11) to base 14.
-164dd0
Convert -10000110010010010000 (base 2) to base 12.
-226380
-2542bab (base 13) to base 12
-3a8a8a9
2167256 (base 10) to base 9
4062822
What is -110000100000000111001 (base 2) in base 8?
-6040071
Convert -8a504b (base 12) to base 6.
-115144135
-10531151 (base 6) to base 12
-136ab7
What is 16114 (base 10) in base 7?
64660
7163331 (base 8) to base 15
27633a
5602012 (base 7) to base 11
431275
Convert -9814c (base 13) to base 9.
-458027
What is 110112120000 (base 3) in base 11?
159480
49436b (base 13) to base 15
248eda
What is -11020112012200 (base 3) in base 11?
-12aa6a2
Convert -12210000102110 (base 3) to base 6.
-145452533
Convert -33231300 (base 5) to base 16.
-46b27
3122405 (base 7) to base 14
9ab75
44300344 (base 5) to base 10
384474
Convert -1232233 (base 6) to base 13.
-24429
What is 33102143 (base 5) in base 9?
473443
-2566a3 (base 12) to base 9
-1133416
Convert 3e930 (base 15) to base 13.
70767
6b9272 (base 14) to base 4
32001021110
-6551a (base 15) to base 11
-1aa833
-20010210 (base 5) to base 15
-31770
What is -121012212212 (base 3) in base 11?
-1a8918
What is 112004223 (base 5) in base 14?
d05c7
-514201035 (base 6) to base 11
-5015aaa
Convert 1140110 (base 5) to base 16.
5320
Convert 4857864 (base 9) to base 14.
4c8cca
Convert b3b9c (base 14) to base 15.
884d7
Convert 54208a (base 14) to base 11.
167604a
What is 111101011111010110 (base 2) in base 8?
753726
Convert 50ed3 (base 16) to base 15.
68335
Convert 545330 (base 7) to base 11.
65849
What is -2209303 (base 11) in base 8?